{"id":3302,"date":"2019-04-17T10:24:23","date_gmt":"2019-04-17T08:24:23","guid":{"rendered":"https:\/\/gewerbeverein-neustadt.de\/?page_id=3302"},"modified":"2019-11-21T10:37:05","modified_gmt":"2019-11-21T09:37:05","slug":"themen-wochenmarkt-fruehlingserwachen","status":"publish","type":"page","link":"https:\/\/gewerbeverein-neustadt.de\/gvn\/themen-wochenmarkt-fruehlingserwachen\/","title":{"rendered":"Themen-Wochenmarkt \u201eFr\u00fchlingserwachen\u201c"},"content":{"rendered":"\n<h4 class=\"wp-block-heading\"><strong>Themen-Wochenmarkt \u201eFr\u00fchlingserwachen\u201c am 26. April 2019<\/strong><\/h4>\n\n\n\n<div class=\"wp-block-image\"><figure class=\"alignleft is-resized\"><img decoding=\"async\" src=\"https:\/\/gewerbeverein-neustadt.de\/gvn\/wp-content\/uploads\/2019\/04\/fruehlingserwachen-1024x768.jpg\" alt=\"\" class=\"wp-image-3303\" width=\"256\" height=\"192\"\/><\/figure><\/div>\n\n\n\n<p>Am Freitag, den 26. April erwacht der Fr\u00fchling \u2013 und zwar auf dem Neust\u00e4dter Marktplatz! Es ist Zeit f\u00fcr den ersten Themen-Wochenmarkt in diesem Jahr.<\/p>\n\n\n\n<p><strong>Fr\u00fchlings-Angebote der Wochenmarkt-H\u00e4ndler<\/strong><\/p>\n\n\n\n<p>In fr\u00fchlingshaftem Ambiente pr\u00e4sentieren die H\u00e4ndler von 8 bis 13 Uhr das passende Angebot f\u00fcr einen gelungenen Start in den Fr\u00fchling. Ob Kr\u00e4uter, frische Produkte aus eigener Herstellung und einer Blumen- und Pflanzenvielfalt \u2013 f\u00fcr jeden ist ein interessantes Angebot dabei und einige Wochenmarkt-H\u00e4ndler haben sich ein besonderes Themen-Wochenmarkt-Angebot ausgedacht.<\/p>\n\n\n\n<p><strong>Kindergartenkinder besuchen den Wochenmarkt<\/strong><\/p>\n\n\n\n<p>Das Neust\u00e4dter Stadtmarketing organisiert in diesem Jahr wieder eine Kindergarten-Rallye, bei der Kindergartenkinder auf spielerische Weise die Produkte des Wochenmarktes kennen lernen. Die Fragen f\u00fcr diese Rallye erarbeitete Auszubildende Larissa Kl\u00fcnder in Zusammenarbeit mit den Neust\u00e4dter Wochenmarkt-H\u00e4ndlern. Bei der Rallye gilt es, unter Anleitung der Erzieherinnen und Erzieher Wissensfragen zu beantworten, F\u00fchl-, Riech- und eine Zitronenlauf-Station zu absolvieren. In diesem Jahr sind Kinder der folgenden Kinderg\u00e4rten mit dabei: Ev. Kindergarten Jona, Kindertagesst\u00e4tte am Kaiserholz, Kindertagesst\u00e4tte Am Wasserturm\/ Kita Schatzinsel sowie die Kindertagesst\u00e4tte am Binnenwasser des Deutschen Kinderschutzbundes. Alle Kindergartenkinder erhalten nach erfolgreich absolvierter Rallye eine Urkunde, den neuen gr\u00fcnen Wochenmarkt-Beutel und eine kleine \u00dcberraschung.<\/p>\n\n\n\n<p><strong>U 107 wieder mit dabei<\/strong><\/p>\n\n\n\n<p>Besonders freuen d\u00fcrfen sich alle gro\u00dfen und kleinen Besucher \u00fcber die kuscheligen Langohren des Kaninchenz\u00fcchtervereins U 107. Jajo Oosting, 1. Vorsitzender des Vereins \u201eU 107\u201c, begleitet seit vielen Jahren Veranstaltungen in der Innenstadt und freut sich auf viele Kinder, die Interesse an den Kaninchen haben und informiert: \u201eStreicheln ist ausdr\u00fccklich erlaubt\u201c.<\/p>\n\n\n\n<div class=\"wp-block-image\"><figure class=\"alignright is-resized\"><img fetchpriority=\"high\" decoding=\"async\" src=\"https:\/\/gewerbeverein-neustadt.de\/gvn\/wp-content\/uploads\/2019\/04\/Plakat_A3_Fruehlingserwachen-724x1024.jpg\" alt=\"\" class=\"wp-image-3306\" width=\"362\" height=\"512\"\/><\/figure><\/div>\n\n\n\n<p><strong>Foodtruck \u201eHandgemacht\u201c mit Smoothies, Dips und mehr<\/strong><\/p>\n\n\n\n<p>Zum ersten Mal auf dem Themenwochenmarkt \u201eFr\u00fchlingserwachen\u201c mit dabei ist Tobias Soppa mit seinem Food-Truck \u201eHandgemacht\u201c. Hier gibt es f\u00fcr die Wochenmarktkunden unter anderem leckere Smoothies und Dips zum Probieren. In der Zeit von 9 bis 13 Uhr beantwortet Tobias Soppa Fragen der Kunden. Au\u00dferdem gibt es Tipps und die Rezepte gleich zum Mitnehmen.<\/p>\n\n\n\n<p><strong>B\u00fcrgermeister-Sprechstunde im Strandkorb<\/strong><\/p>\n\n\n\n<p>Zum ersten Mal gibt es anl\u00e4sslich des Themenwochenmarktes \u201eFr\u00fchlingserwachen\u201c die erste B\u00fcrgermeister Sprechstunde im Strandkorb. Mirko Spieckermann freut sich in der Zeit von 10 bis 12.30 Uhr auf gute Gespr\u00e4che im Strandkorb und er ist in dieser Zeit in der Mitte des Marktplatzes zu finden. Seine \u201enormale\u201c B\u00fcrgermeister-Sprechstunde im Rathaus findet nat\u00fcrlich weiterhin statt.<\/p>\n\n\n\n<p><strong>Mit dem Fahrrad zum Wochenmarkt<\/strong><\/p>\n\n\n\n<p>Alle Wochenmarktkunden, die am 26. April ihr Fahrrad auf dem Fahrradparkplatz vor dem B\u00fcrgerb\u00fcro abstellen, erhalten von Tourismus-Service-Mitarbeiterin und STADTRADEL-Koordinatorin Cora Brockmann eine von 121 Rosen \u00fcberreicht (solange der Vorrat reicht).<\/p>\n\n\n\n<p>Weitere Fragen zum Themen-Wochenmarkt \u201eFr\u00fchlingserwachen\u201c beantwortet Andrea Brunh\u00f6ber vom Stadtmarketing unter: 04561\/619510.<\/p>\n\n\n\n<p><strong>Kontakt: Stadtmarketing, Telefon: 04561\/619510, Ort der Veranstaltung: Marktplatz in Neustadt in Holstein, Uhrzeit: 8-13 Uhr<\/strong><\/p>\n","protected":false},"excerpt":{"rendered":"<p>Themen-Wochenmarkt \u201eFr\u00fchlingserwachen\u201c am 26. April 2019 Am Freitag, den 26. April erwacht der Fr\u00fchling \u2013 und zwar auf dem Neust\u00e4dter Marktplatz! Es ist Zeit f\u00fcr den ersten Themen-Wochenmarkt in diesem &#8230;<\/p>\n","protected":false},"author":1,"featured_media":0,"parent":0,"menu_order":0,"comment_status":"closed","ping_status":"closed","template":"","meta":{"footnotes":""},"class_list":["post-3302","page","type-page","status-publish","hentry"],"aioseo_notices":[],"featured_image_urls_v2":{"full":"","thumbnail":"","medium":"","medium_large":"","large":"","1536x1536":"","2048x2048":"","gg_gallery_thumbnail":"","onepress-blog-small":"","onepress-small":"","onepress-medium":""},"post_excerpt_stackable_v2":"<p>Themen-Wochenmarkt \u201eFr\u00fchlingserwachen\u201c am 26. April 2019 Am Freitag, den 26. April erwacht der Fr\u00fchling \u2013 und zwar auf dem Neust\u00e4dter Marktplatz! Es ist Zeit f\u00fcr den ersten Themen-Wochenmarkt in diesem Jahr. Fr\u00fchlings-Angebote der Wochenmarkt-H\u00e4ndler In fr\u00fchlingshaftem Ambiente pr\u00e4sentieren die H\u00e4ndler von 8 bis 13 Uhr das passende Angebot f\u00fcr einen gelungenen Start in den Fr\u00fchling. Ob Kr\u00e4uter, frische Produkte aus eigener Herstellung und einer Blumen- und Pflanzenvielfalt \u2013 f\u00fcr jeden ist ein interessantes Angebot dabei und einige Wochenmarkt-H\u00e4ndler haben sich ein besonderes Themen-Wochenmarkt-Angebot ausgedacht. Kindergartenkinder besuchen den Wochenmarkt Das Neust\u00e4dter Stadtmarketing organisiert in diesem Jahr wieder eine Kindergarten-Rallye, bei der&hellip;<\/p>\n","category_list_v2":"","author_info_v2":{"name":"admin","url":"https:\/\/gewerbeverein-neustadt.de\/gvn\/author\/admin\/"},"comments_num_v2":"0 comments","_links":{"self":[{"href":"https:\/\/gewerbeverein-neustadt.de\/gvn\/wp-json\/wp\/v2\/pages\/3302","targetHints":{"allow":["GET"]}}],"collection":[{"href":"https:\/\/gewerbeverein-neustadt.de\/gvn\/wp-json\/wp\/v2\/pages"}],"about":[{"href":"https:\/\/gewerbeverein-neustadt.de\/gvn\/wp-json\/wp\/v2\/types\/page"}],"author":[{"embeddable":true,"href":"https:\/\/gewerbeverein-neustadt.de\/gvn\/wp-json\/wp\/v2\/users\/1"}],"replies":[{"embeddable":true,"href":"https:\/\/gewerbeverein-neustadt.de\/gvn\/wp-json\/wp\/v2\/comments?post=3302"}],"version-history":[{"count":9,"href":"https:\/\/gewerbeverein-neustadt.de\/gvn\/wp-json\/wp\/v2\/pages\/3302\/revisions"}],"predecessor-version":[{"id":3500,"href":"https:\/\/gewerbeverein-neustadt.de\/gvn\/wp-json\/wp\/v2\/pages\/3302\/revisions\/3500"}],"wp:attachment":[{"href":"https:\/\/gewerbeverein-neustadt.de\/gvn\/wp-json\/wp\/v2\/media?parent=3302"}],"curies":[{"name":"wp","href":"https:\/\/api.w.org\/{rel}","templated":true}]}}